 the prime factors of 72021?
3, 24007
What are the prime factors of 2169?
3, 241
What are the prime factors of 31217?
19, 31, 53
List the prime factors of 59317.
23, 2579
List the prime factors of 894.
2, 3, 149
What are the prime factors of 1910?
2, 5, 191
What are the prime factors of 15732?
2, 3, 19, 23
List the prime factors of 7862.
2, 3931
List the prime factors of 2120.
2, 5, 53
List the prime factors of 3818.
2, 23, 83
List the prime factors of 726.
2, 3, 11
List the prime factors of 109224.
2, 3, 37, 41
List the prime factors of 1205.
5, 241
What are the prime factors of 1705?
5, 11, 31
List the prime factors of 575.
5, 23
List the prime factors of 1422.
2, 3, 79
What are the prime factors of 119947?
19, 59, 107
List the prime factors of 659.
659
What are the prime factors of 6776?
2, 7, 11
List the prime factors of 1464.
2, 3, 61
What are the prime factors of 11934?
2, 3, 13, 17
What are the prime factors of 2779?
7, 397
What are the prime factors of 5384?
2, 673
What are the prime factors of 3717?
3, 7, 59
List the prime factors of 20987.
31, 677
What are the prime factors of 32451?
3, 29, 373
List the prime factors of 29362.
2, 53, 277
What are the prime factors of 50887?
151, 337
List the prime factors of 25598.
2, 12799
List the prime factors of 54183.
3, 18061
List the prime factors of 21877.
131, 167
List the prime factors of 108638.
2, 54319
List the prime factors of 299.
13, 23
List the prime factors of 162.
2, 3
What are the prime factors of 4799?
4799
List the prime factors of 2995.
5, 599
List the prime factors of 1504.
2, 47
What are the prime factors of 3871?
7, 79
What are the prime factors of 38330?
2, 5, 3833
What are the prime factors of 21483?
3, 7, 11, 31
List the prime factors of 1482.
2, 3, 13, 19
What are the prime factors of 13758?
2, 3, 2293
List the prime factors of 15245.
5, 3049
What are the prime factors of 1669?
1669
What are the prime factors of 13732?
2, 3433
What are the prime factors of 40?
2, 5
What are the prime factors of 28589?
11, 23, 113
List the prime factors of 3845.
5, 769
List the prime factors of 7519.
73, 103
What are the prime factors of 8581?
8581
What are the prime factors of 12625?
5, 101
List the prime factors of 35279.
35279
List the prime factors of 1109.
1109
What are the prime factors of 103366?
2, 51683
List the prime factors of 103.
103
List the prime factors of 486.
2, 3
What are the prime factors of 79337?
79337
List the prime factors of 6871.
6871
What are the prime factors of 8684?
2, 13, 167
List the prime factors of 5146.
2, 31, 83
What are the prime factors of 13587?
3, 7, 647
What are the prime factors of 10271?
10271
What are the prime factors of 1183?
7, 13
What are the prime factors of 15778?
2, 7, 23
List the prime factors of 1469.
13, 113
List the prime factors of 19534.
2, 9767
What are the prime factors of 967?
967
List the prime factors of 5293.
67, 79
What are the prime factors of 28395?
3, 5, 631
List the prime factors of 10125.
3, 5
What are the prime factors of 2887?
2887
List the prime factors of 11651.
61, 191
List the prime factors of 5704.
2, 23, 31
What are the prime factors of 3117?
3, 1039
What are the prime factors of 100763?
13, 23, 337
List the prime factors of 67194.
2, 3, 3733
What are the prime factors of 1316?
2, 7, 47
What are the prime factors of 4955?
5, 991
List the prime factors of 9904.
2, 619
List the prime factors of 870.
2, 3, 5, 29
List the prime factors of 3523.
13, 271
What are the prime factors of 6461?
7, 13, 71
What are the prime factors of 4332?
2, 3, 19
What are the prime factors of 2522?
2, 13, 97
List the prime factors of 1880.
2, 5, 47
List the prime factors of 1725.
3, 5, 23
List the prime factors of 4153.
4153
List the prime factors of 42.
2, 3, 7
What are the prime factors of 2923?
37, 79
List the prime factors of 15448.
2, 1931
List the prime factors of 4729.
4729
What are the prime factors of 34895?
5, 7, 997
What are the prime factors of 375?
3, 5
What are the prime factors of 1144?
2, 11, 13
List the prime factors of 4014.
2, 3, 223
List the prime factors of 1436.
2, 359
List the prime factors of 1309.
7, 11, 17
List the prime factors of 9396.
2, 3, 29
What are the prime factors of 2269?
2269
List the prime factors of 2892.
2, 3, 241
What are the prime factors of 422?
2, 211
List the prime factors of 1496.
2, 11, 17
List the prime factors of 2968.
2, 7, 53
What are the prime factors of 16374?
2, 3, 2729
List the prime factors of 2075.
5, 83
List the prime factors of 3310.
2, 5, 331
List the prime factors of 3544.
2, 443
What are the prime factors of 1588?
2, 397
List the prime factors of 15894.
2, 3, 883
List the prime factors of 45093.
3, 15031
List the prime factors of 56542.
2, 17, 1663
What are the prime factors of 858?
2, 3, 11, 13
List the prime factors of 64531.
47, 1373
What are the prime factors of 42597?
3, 4733
List the prime factors of 8045.
5, 1609
List the prime factors of 608.
2, 19
What are the prime factors of 147359?
101, 1459
What are the prime factors of 2945?
5, 19, 31
What are the prime factors of 852?
2, 3, 71
What are the prime factors of 37330?
2, 5, 3733
What are the prime factors of 7411?
7411
List the prime factors of 1449.
3, 7, 23
What are the prime factors of 5964?
2, 3, 7, 71
List the prime factors of 953.
953
List the prime factors of 11186.
2, 7, 17, 47
What are the prime factors of 390?
2, 3, 5, 13
What are the prime factors of 7904?
2, 13, 19
List the prime factors of 12195.
3, 5, 271
List the prime factors of 1837.
11, 167
What are the prime factors of 8157?
3, 2719
What are the prime factors of 44268?
2, 3, 7, 17, 31
List the prime factors of 5216.
2, 163
What are the prime factors of 473?
11, 43
List the prime factors of 121408.
2, 7, 271
What are the prime factors of 1686?
2, 3, 281
What are the prime factors of 1796?
2, 449
List the prime factors of 419.
419
List the prime factors of 4218.
2, 3, 19, 37
What are the prime factors of 895?
5, 179
What are the prime factors of 495?
3, 5, 11
List the prime factors of 3328.
2, 13
List the prime factors of 576.
2, 3
What are the prime factors of 5699?
41, 139
List the prime factors of 26333.
17, 1549
What are the prime factors of 88985?
5, 13, 37
What are the prime factors of 45864?
2, 3, 7, 13
List the prime factors of 14248.
2, 13, 137
List the prime factors of 2785.
5, 557
List the prime factors of 721.
7, 103
List the prime factors of 39550.
2, 5, 7, 113
What are the prime factors of 62093?
31, 2003
List the prime factors of 19025.
5, 761
List the prime factors of 2039.
2039
What are the prime factors of 5918?
2, 11, 269
List the prime factors of 888.
2, 3, 37
What are the prime factors of 62359?
11, 5669
List the prime factors of 16484.
2, 13, 317
List the prime factors of 4385.
5, 877
What are the prime factors of 23511?
3, 17, 461
List the prime factors of 43383.
3, 14461
What are the prime factors of 12731?
29, 439
List the prime factors of 44530.
2, 5, 61, 73
What are the prime factors of 25073?
25073
List the prime factors of 36848.
2, 7, 47
List the prime factors of 1514.
2, 757
List the prime factors of 59105.
5, 11821
List the prime factors of 27982.
2, 17, 823
List the prime factors of 5734.
2, 47, 61
List the prime factors of 9020.
2, 5, 11, 41
List the prime factors of 2577.
3, 859
List the prime factors of 38566.
2, 11, 1753
List the prime factors of 27893.
27893
List the prime factors of 1366.
2, 683
List the prime factors of 56460.
2, 3, 5, 941
List the prime factors of 162415.
5, 11, 2953
List the prime factors of 41631.
3, 13877
List the prime factors of 1756.
2, 439
List the prime factors of 301.
7, 43
List the prime factors of 4961.
11, 41
List the prime factors of 11558.
2, 5779
List the prime factors of 78611.
13, 6047
What are the prime factors of 1715?
5, 7
What are the prime factors of 58359?
3, 7, 397
List the prime factors of 5765.
5, 1153
What are the prime factors of 5860?
2, 5, 293
List the prime factors of 74526.
2, 3, 12421
What are the prime factors of 2882?
2, 11, 131
List the prime factors of 18461.
18461
List the prime factors of 3371.
3371
What are the prime factors of 20134?
2, 10067
What are the prime factors of 34068?
2, 3, 17, 167
What are the prime factors of 19403?
19403
List the prime